t s(h) = h + 19. Let y(x) = x + 18. Let v(u) = -3*s(u) + 4*y(u). Let d be v(-7). Suppose 5 + d = t. What is the tens digit of t?
1
What is the hundreds digit of (525*2/(-4))/((-3)/4)?
3
Let t be 494/3 + 2/6. What is the units digit of ((-2)/(-6))/(5/t)?
1
Let r be 3/(-2)*4/2. What is the units digit of ((-5)/(-3) + r)*-6?
8
Let i = 22 - 15. What is the units digit of (i + -3)/(-1 - -2)?
4
Suppose 2*h = -2*h - 2*o - 28, -50 = 5*h - 5*o. Let m be 66/h + 6/(-8). Let r = -6 - m. What is the units digit of r?
3
Let z(m) = -m**3 + 9*m - 2*m**2 + 3*m**2 + 5 - 6*m**2. Let k be z(-7). Suppose -3*u - 2*u + k = 0. What is the units digit of u?
8
Let b = -25 - -174. What is the units digit of b?
9
Suppose 2*l - 1 - 5 = 0. Suppose 0 = l*u - 4*u. Let q = u - -1. What is the units digit of q?
1
Let k be -1 - 2 - (-4 - -9). What is the units digit of 3/(3 - (-18)/k)?
4
Suppose -4*u + 37 = s + 2*s, -5*u + 4*s = -23. Let r(f) = 3*f - 5. What is the tens digit of r(u)?
1
What is the units digit of (-87 - -1)*6/(-12)?
3
Let h(q) be the first derivative of -q**2/2 - 2*q + 3. What is the units digit of h(-8)?
6
Let b be (-134)/(-10) + (-8)/20. Suppose -2*z + 7*z = -4*i - b, -z + 9 = -5*i. What is the units digit of 1/(-4)*2*i?
1
Let p(w) = w - 4. Let z be p(4). Let k = -15 - z. Let h = 29 + k. What is the units digit of h?
4
Let j(l) be the third derivative of -l**4/24 - l**3/6 - 3*l**2. Let a be j(-2). What is the tens digit of (2 - a/1) + 10?
1
Let v = -229 + 471. What is the hundreds digit of v?
2
Let r(k) = k**2 - 4*k. Let t be r(3). Let p be 2/(-4) + t/(-6). Suppose -3*h + p = -30. What is the tens digit of h?
1
Let z = -23 - -17. Let s = 13 + z. What is the units digit of s?
7
Let a be (15/4 + 2)*-4. What is the tens digit of a/(-2) - (-6)/(-12)?
1
Suppose -4*w - w + 6 = k, 0 = -4*w + 2*k + 16. Suppose 3*v - 3*z = 3, -13 = -4*v - 3*z - w*z. Let b = -1 + v. What is the units digit of b?
1
Let q = 2 - -2. Let n be 1 + -1 - q/(-2). Suppose -j - n*j + 18 = 0. What is the units digit of j?
6
Let x = -1 + 6. Suppose -5*w = 4*i + 24, i - x = 3*w + 6. What is the units digit of 28*(-3)/6*i?
4
Suppose 0 = 5*g + 3*h - 16 - 5, 0 = -3*g - 5*h + 19. Let y = -8 - g. What is the tens digit of 1 + -1 - (y + -2)?
1
Let f = 82 + -52. What is the tens digit of f?
3
Let c(b) = b + 16. What is the tens digit of c(8)?
2
Let t = 11 - 5. Let u(z) = 3*z + 2. What is the tens digit of u(t)?
2
Let k = -82 + 136. What is the tens digit of k?
5
Let q be (-8)/(-6) + (-2)/6. Let c be q/(3/9 - 0). Suppose 2*a - c*a + 12 = 0. What is the tens digit of a?
1
Let n = 1 + 2. Let u(o) = o**3 - 2*o**2 + o - 2. Let g be u(n). Let m = g - 7. What is the units digit of m?
3
Let f = -5 + 20. Let w(y) = 4*y + 2. Let x be w(-3). Let p = f + x. What is the units digit of p?
5
Let l be (-48)/(-20) - 2/5. Suppose -3*k - 6 = 3*t, -3*k - 22 = -3*t + k. What is the units digit of t/3*(1 + l)?
2
What is the hundreds digit of 28100/225 - (-1)/9?
1
Let p(b) = 3*b + 6. What is the units digit of p(16)?
4
Let j(u) = u - 8. Let p be j(5). Let o(y) = 3*y. Let w(b) = -13*b. Let r(f) = -18*o(f) - 4*w(f). What is the units digit of r(p)?
6
Let b be (-5 - (-8)/4)/(-3). Suppose -5*x + 2*n + 44 = 0, 0*x - 3*n = -x + b. What is the units digit of x?
0
Let u be 81/15 - (-6)/(-15). Suppose -5*s - 85 = -u*c, 0*c + 89 = 5*c - 4*s. What is the tens digit of c?
2
Let y = 9 - 26. Let p = -7 - y. What is the units digit of p?
0
Let t(j) = -4*j**2 + j - 2*j**3 - 2*j**2 - 4 + 3*j**3. Suppose -3*b + 4*b = -4*y + 18, 0 = -2*b + 4*y. What is the units digit of t(b)?
2
Let p(b) = -b + 13. Let q be p(12). What is the units digit of q + -2 - (-60)/3?
9
Let j = 3 + -4. Let o = 0 - j. What is the units digit of o?
1
Let k be (4/3)/((-2)/(-9)). Let g be 258/9 + (-4)/k. Suppose g = 3*t + t. What is the units digit of t?
7
Let d(f) = 2*f**2 + 2*f + 52. What is the hundreds digit of d(11)?
3
Let z(o) = o**2 + 2*o + 4. Let d be z(-4). Suppose 0 = 5*a - 78 - d. Let t = -8 + a. What is the tens digit of t?
1
Let x = 351 - 211. What is the hundreds digit of x?
1
Let z(j) = -j**3 + 7*j**2 - 6*j + 3. Suppose 2*r + 6 + 4 = 0. Let t = r - -11. What is the units digit of z(t)?
3
Let o = 4 + 2. Suppose -o*x = -x - 60. What is the units digit of x?
2
Let m(w) = -w**3 - 4*w**2 + 5*w + 2. Let a be m(-5). Suppose -7*k + a*k = 10. What is the units digit of 2/(k - 18/(-8))?
8
What is the units digit of (-1)/2*(-148)/2?
7
Let l be (6/(-5))/((-8)/20). Suppose -3*k + 3*x + l = 0, -3*x - 3 - 2 = -2*k. What is the units digit of k*21/24*-4?
7
What is the units digit of -4*(3 + 62/(-8))?
9
Suppose g - 8 - 10 = 0. What is the units digit of 74/9 - 4/g?
8
Let d = 0 + 1. Let j be -4*((-10)/8)/d. Suppose -j*g = -24 + 4. What is the units digit of g?
4
Let h be -1 - -6 - 4/4. Suppose -3 = -h*j + 5. Suppose -j*b + 5*b - 36 = -5*s, -b - 4*s = -19. What is the units digit of b?
7
Suppose 61 = -3*j - 4*v, 4*v - 8*v - 15 = j. Let x = j + 33. What is the tens digit of x?
1
Let u = 7 - 5. Suppose 4*g - 2*x + u = 0, 3*g - x - 12 = -4*x. What is the units digit of g?
1
Let j(n) = n + 2. Let d be j(0). Let k be ((-60)/(-8))/(1/d). Let y = 25 - k. What is the units digit of y?
0
Suppose 0 = -g + 3*g + 18. Let m = g + 48. What is the tens digit of m?
3
What is the tens digit of 1/(-1*(2 + 79/(-39)))?
3
Suppose 0 = 5*w - 45 - 25. What is the units digit of w?
4
Let h be (-484)/10 - 15/25. Let f = -32 - h. What is the units digit of f?
7
Suppose 5*q + 192 = 2*v, 2*q - 381 = -4*v - 21. What is the tens digit of v?
9
Let u(s) = -s. Let w be u(0). Suppose g = -w*g + 6. What is the units digit of g?
6
Suppose 0 = -3*v + 5*v - 12. Let r be (-2)/v - (-13)/3. Suppose -r*d - 4 = 0, 4*z - 3*d - d = 12. What is the units digit of z?
2
Let l = -85 + 186. What is the units digit of l?
1
Let f(p) = -p**3 + 11*p**2 + 15*p - 4. What is the units digit of f(12)?
2
Suppose 4*f - 2*z + 6 = 5*f, -4*f - 3*z = -19. Suppose f*g = 4 + 12. Suppose 5*r = -3*o + 22, -2*r + g*r - 12 = -2*o. What is the units digit of o?
4
Let i(u) = -u**2 + 8*u. Let b be i(8). Suppose b*h = -4*h. Suppose 3*l - 5*c = 60, -33 = -2*l + c - h*c. What is the tens digit of l?
1
Let v = -105 - -152. Let q = v + -30. Suppose 0 = -z - i + 5, z + i + 3*i = q. What is the units digit of z?
1
Let v(g) = -11*g + 27. What is the tens digit of v(-5)?
8
Let a(p) = -p - 1. Let m be a(3). What is the units digit of (27 + m)*(3 - 2)?
3
Suppose 0*b - 2*b + 28 = 3*g, -2*b + g + 36 = 0. What is the tens digit of b?
1
Let d be (3 - -3)/((-2)/(-6)). Suppose 3*g = 4*b - 34, -2*g - d = 3*g + 3*b. Let c = g + 17. What is the tens digit of c?
1
Let c be (-3)/2*(0 - -2). What is the units digit of (-1)/c*(-3)/(-1)?
1
Let c be 4*(1 + 3/(-6)). Let g(q) = q**c - 5 - 2 + 58*q - 59*q. What is the units digit of g(5)?
3
Suppose 4*w + 3 + 9 = a, 0 = a + 5*w + 15. Suppose -k = -a*k - 2*n - 43, -3*k = -4*n - 125. What is the tens digit of k?
3
Suppose 0 = p - 28 + 8. What is the units digit of p?
0
Let w = 216 + -54. Let x = w - 116. What is the tens digit of x?
4
Let t = 2 + 1. Suppose -5*c = -t*y - 237, 4*c + 2*y - 194 = -0*y. Suppose -5*r + 4*l + c = 0, -7 = -2*r - l + 7. What is the units digit of r?
8
Let w = 8 + -5. Suppose -3*f + 2*g + 31 = 0, 4*g + 36 = 7*f - w*f. What is the units digit of f?
3
Let b be 24 + (1 - 1) - 0. Let n = -6 + b. Let g = 25 - n. What is the units digit of g?
7
Let h(a) = -2*a**2 - 8*a + 5. Let d be h(-5). What is the units digit of 4/d*125/(-10)?
0
Let n(x) = -x**3 - 2*x**2 + 2*x - 14. What is the units digit of n(-6)?
8
Suppose -4*p - 2*p + 174 = 0. Suppose -p*u - 86 = -31*u. What is the tens digit of u?
4
Suppose 0*w + 3*w = 150. Let y = -27 + w. What is the tens digit of y?
2
Suppose o - n + 17 = 6*o, 0 = -5*n - 15. Let r(y) = y**3 - 5*y**2 + y. Let f be r(5). What is the units digit of f - (0 + o/2)?
3
Let v = 9 + -4. Suppose -4*g = -3*f + 11 - 2, -4*f + g + 12 = 0. Suppose -3*h + 4*b = -19 + 1, -f*b + 30 = v*h. What is the units digit of h?
6
Suppose -3*a = -5*p + 49, -4*p - a + 46 = -0*p. What is the tens digit of p?
1
Let s(i) = -i**3 - 3*i**2 + 4*i + 4. Suppose -t - 3*t - 16 = 0. Let p be s(t). What is the units digit of (6/p)/((-3)/(-8))?
4
What is the units digit of 3 + 1 + 0 - -45?
9
Let x be ((-8)/7)/(4/(-14)). Sup